. List the prime factors of c.
2, 61
Let g(x) = -x**3 - 8*x**2 + 3*x - 11. Let h(f) = f**3 - 5*f**2. Let r be h(5). Let v be -9*(3 + r + -2). List the prime factors of g(v).
43
Let z(v) = v. Let y(a) = -a - 1. Let q(u) = u**2 - u - 3. Let f be q(3). Let d(s) = f*y(s) + z(s). List the prime factors of d(-13).
23
Let r = -354 + 655. List the prime factors of r.
7, 43
Suppose -3*c + 2*c - 2*x + 14 = 0, 4*c = x + 74. Suppose c = 6*r - 0*r. Suppose -r*t + 116 = -4*q, 0 = 4*t + 4*q - q - 113. What are the prime factors of t?
2
Let h = -563 + 909. What are the prime factors of h?
2, 173
Suppose 4*l = -0 + 12. Suppose f + 2*k = 7, -l*f + k + 0*k + 7 = 0. What are the prime factors of 2/f*(-114)/(-4)?
19
Let l be (-88)/10 - (-1)/(-5). Let t(a) = -a**2 - 8*a - 7. Let m be t(l). Let s = -7 - m. What are the prime factors of s?
3
Let u(y) = -y**3 - 14*y**2 - 3*y - 8. Let p(b) = b**3 + 15*b**2 + 3*b + 9. Let r(q) = -6*p(q) - 7*u(q). What are the prime factors of r(-5)?
2, 31
Let w = 107 + 49. Suppose w = v + 5*v. List the prime factors of v.
2, 13
Let h(u) = 2*u**3 + 10*u**2 + 13*u + 6. Let t be h(10). List the prime factors of t/20 + (-8)/10.
2, 3, 13
Suppose -3*i - i + 4*d = 0, 5*d = 2*i + 15. Let m be 0/((-6)/3 - 0). List the prime factors of (i - (0 - -3)) + m.
2
Let x(q) = -q + 6. Let h be x(7). Let j be 3324/36 + h/3. Suppose -53 - j = -5*u. What are the prime factors of u?
29
Let d = 18 + -27. Let f = 26 + d. List the prime factors of f.
17
Let a = 3779 - 1701. List the prime factors of a.
2, 1039
Let c be -1 + -7*(-2 + 1). Let n(w) = -c + 7*w**2 + w + 5 + 10*w**2. List the prime factors of n(1).
17
Suppose 5*h + 3 = 18. Suppose -4*w + 0*j - h*j = -769, 2*w - j = 377. Suppose 8*d = 3*d + w. List the prime factors of d.
2, 19
Let q(c) = -c**3 - 3*c**2 + 6*c + 1. Let x be q(-4). Let w(m) = 3*m**2 + 5*m - 15. List the prime factors of w(x).
97
Suppose 4*x - 3*x - 5*d + 10 = 0, -2*x + 19 = 3*d. Suppose -2*h + 158 = i, -5*h - 829 = -x*i - 2*h. What are the prime factors of (-7 - -5)/((-8)/i)?
41
Let h = -54 - -53. Let t(z) = 76*z**2 - z - 1. What are the prime factors of t(h)?
2, 19
What are the prime factors of (-3)/9*-21 - -952?
7, 137
Let w = -1926 - -2773. What are the prime factors of w?
7, 11
Let g = -266 + 303. What are the prime factors of g?
37
Suppose 4*l - 10 = -j + 8*l, -5*j - l + 8 = 0. Suppose -n - w = -75 - 15, -4*n + 368 = j*w. Let q = n + -53. What are the prime factors of q?
41
Let x(h) = -2*h**2 + 12*h - 8. Let z(p) = p**2 - p - 1. Let k(m) = -x(m) - 3*z(m). Suppose t + 5 + 4 = 0. What are the prime factors of k(t)?
11
Suppose 0 = 5*c + 3*b - 8620, b - 4784 = -4*c + 2119. What are the prime factors of c?
11, 157
Let v = 40 + 162. List the prime factors of v.
2, 101
Let y(i) = -3*i + 17. Let p be y(6). Let z = -18 + 43. What are the prime factors of p*z*1/(-1)?
5
Suppose -5*h - 6 = -66. Let s(p) = -p**2 + 16*p - 11. What are the prime factors of s(h)?
37
Let h be (((-6)/4)/(-3))/(2/476). Let g(o) = -o**3 - 5*o**2 - 6*o - 3. Let p be g(-4). Suppose p*d = -2*n + h, -2*n - n = -d + 17. List the prime factors of d.
23
Let u(g) = -g. Let m(f) = 3*f - 47. Let r(q) = m(q) + 6*u(q). List the prime factors of r(-27).
2, 17
Let g(q) = -q**2 + 3*q - 2. Let l be g(2). Let h(v) = -2*v**2 + 76. What are the prime factors of h(l)?
2, 19
Let f(r) = -r + 21. Let i be f(10). Let b = 35 + i. What are the prime factors of b?
2, 23
Let c(u) be the second derivative of -u**3 - 11*u**2/2 + 4*u. Let p be c(-7). Suppose -p = -3*t - 10. What are the prime factors of t?
7
Suppose 0 = -5*g - 4*t + 108, -8*t = -5*g - 9*t + 102. List the prime factors of g.
2, 5
Let z = 43 + -62. Let c(a) = a**3 + 20*a**2 + 18*a + 5. List the prime factors of c(z).
2, 3
Let g = 24 - 15. Suppose -10*h = -g*h - 41. List the prime factors of h.
41
Suppose -7*o - 482 = -5*m - 3*o, 5*o + 88 = m. List the prime factors of m.
2, 7
Suppose -4*m + 2*a = -170, 5*m + 5*a - 210 - 10 = 0. Suppose m = 6*c - 119. List the prime factors of c.
3
Let j(w) = w**2 + 8*w - 14. Let l be j(-10). Let f(g) = 6*g**2 - l - 3*g - 4*g - 4*g**2 + 4. List the prime factors of f(5).
13
Suppose -384 = -2*t + 2*b + 2*b, -3*t + 582 = -4*b. Suppose t + 157 = 5*k. What are the prime factors of k?
71
Let l(w) = -w - 1. Let f be l(-7). Suppose 3*x - 2*s = f - 2, 0 = 3*x - s - 2. Suppose -2*p = -3*i + 8*i + 5, x = 4*p - 2*i - 26. List the prime factors of p.
5
What are the prime factors of ((-342)/(-42) + (-1)/7)*63?
2, 3, 7
Suppose 3*v = 463 + 47. What are the prime factors of v?
2, 5, 17
Let b = 236 + 124. List the prime factors of b.
2, 3, 5
Let y be 46/161 - 66/(-14). Let k(a) = -4*a + 10. Let j(x) = -4*x + 9. Let d(p) = -7*j(p) + 6*k(p). What are the prime factors of d(y)?
17
Suppose 4*h + 30 = 134. Let d be -3 - h/4*-2. Suppose -5*s = -d*s + 90. List the prime factors of s.
2, 3
Let r(k) = -1056 + 21*k**2 + 6*k**2 + 1060 + 4*k. List the prime factors of r(-1).
3
Let l be 24/(-18)*1*-129. Suppose 0 = y + 3*y - l. List the prime factors of y.
43
Let f(a) = 30*a**2 - 3 + 6 - 29*a**2. List the prime factors of f(-9).
2, 3, 7
List the prime factors of 222 - ((3 - 4) + -6).
229
Suppose 0 = 9*t + 2*t - 319. Let z = t + 43. What are the prime factors of z?
2, 3
Let m be (-43)/((0 + -2)/((-6)/(-3))). Suppose -r + 29 = s - 3*r, 5*r = -3*s + m. List the prime factors of s.
3, 7
Let g be (1236/(-6) - -8) + (-1)/1. Let j = -10 - g. List the prime factors of j.
3, 7
Let l(n) be the first derivative of -n**2/2 + 3*n + 3. Let x = 29 + -31. List the prime factors of l(x).
5
Let o(f) = f**3 - 8*f**2 - 14*f + 11. Let p be o(11). Suppose 5*z - p - 160 = 0. Suppose 4*x = 6*x - z. What are the prime factors of x?
2, 19
Suppose i - 5*v + 18 = 0, -v + 2 = -3*i + v. Let a be (16/6 - i)*60. Let k = a - 23. List the prime factors of k.
17
Let o(p) = p**2 - 16*p - 20. Let x be o(16). Let k = -15 - x. Suppose -k*g - 30 = -245. What are the prime factors of g?
43
Suppose 18*p = 14*p + 256. What are the prime factors of p?
2
Let q = -50 - -27. Suppose -f = -2*i + 4*i - 49, -2 = -2*i. Let m = q + f. What are the prime factors of m?
2, 3
Suppose -5*a - 11*d = -16*d - 385, -4*d = a - 62. Suppose 72*t - a*t = -656. List the prime factors of t.
2, 41
Let c(t) = -3*t**3 + 2 - 952*t + 950*t - 2*t**2 + 6*t**3. What are the prime factors of c(2)?
2, 7
Suppose -3*u - 5 = -4*u. Suppose 16 + 24 = u*g. Let c = 5 + g. List the prime factors of c.
13
Let q be -2*(-3 - (2 - 4)). Let m(j) = 0 + 2*j**2 - 2*j + 7 - 5*j**q + 4*j**2. What are the prime factors of m(4)?
3, 5
What are the prime factors of ((-5694)/117)/((-2)/36)?
2, 3, 73
Let r = -4214 + 5968. What are the prime factors of r?
2, 877
Suppose 0 = -0*o - o - 2. Let q(k) = 10*k. Let h be q(o). Let j = 34 + h. List the prime factors of j.
2, 7
What are the prime factors of 9/12 - (-17730)/40?
2, 3, 37
Let p(t) = 242*t + 16. List the prime factors of p(5).
2, 613
Suppose 5*z + 833 = 16963. List the prime factors of z.
2, 1613
Let u(j) = -j**3 + 10*j**2 + 11*j - 7. Let p be u(11). Let a = 11 + p. Suppose -y + 0*h + 44 = -5*h, -y = a*h - 8. What are the prime factors of y?
2, 3
Let v = -25 - -33. Suppose -5*q + 0*g + g = -353, v = 4*g. List the prime factors of q.
71
Let c = -2152 - -3100. What are the prime factors of c?
2, 3, 79
Suppose 0*a + 3*i + 6919 = 4*a, 3*i + 1723 = a. List the prime factors of a.
2, 433
Let y be 1/((-9)/(-969)) + (-8)/12. Let x = y - -4. List the prime factors of x.
3, 37
Suppose -11*o + 6*o + 130 = 0. Let p = o - 31. Let q = 54 - p. What are the prime factors of q?
59
Let w(i) = -i**3 - 4*i**2 + 5*i + 1. Let a be w(-5). Let r = 4 + a. What are the prime factors of 3 + 0 + r + 3?
11
Let f(r) = -4*r + 14. Let v(t) = t**2 - 6*t - 4. Let a be v(6). Let n be 3*4/(-6) + a. What are the prime factors of f(n)?
2, 19
Suppose -3*y - 28 = 14. Let h = -31 + 54. Let r = y + h. List the prime factors of r.
3
Suppose -s = -0*k + k + 2, -3*s - 2*k - 1 = 0. Suppose -2 = -s*r + 5*l + 2, 4*l = 2*r - 2. What are the prime factors of r?
3
Suppose 2*n = -2*j + 1494, -5 = 15*n - 10*n. What are the prime factors of j?
2, 11, 17
Let a = 21 + -14. Let u = 24 + a. Suppose 0 = 3*x + 4*w - u - 31, 0 = -x - 4*w + 18. What are the prime factors of x?
2, 11
What are the prime factors of (-5036*(-2)/10)/((-294